5*w + 3. Calculate n(-5).
3
Let m(t) = -2*t + 2. Calculate m(0).
2
Let z(i) = -i - 5. Determine z(-10).
5
Let x(u) = u**3 - 4*u**2 + u - 4. What is x(2)?
-10
Let r(b) = -2*b - 32. Determine r(-14).
-4
Let v(i) = 7*i - 6. Calculate v(15).
99
Let v(r) = -r + 31. Calculate v(25).
6
Let y(l) = -77*l - 146. Determine y(-2).
8
Let p(m) = m + 4. Give p(9).
13
Let d(s) = -s**2 - 11*s + 29. Determine d(-13).
3
Let t(y) = -y + 5. Give t(3).
2
Let k(h) = -24*h - 354. Give k(-14).
-18
Let p(k) = 8*k + 85. Give p(-6).
37
Let j(g) = g - 24. Give j(25).
1
Let l(b) = -b**3 - 8*b**2 - 15*b - 10. Give l(-6).
8
Let i(m) = 99*m + 794. Calculate i(-8).
2
Let s(o) = o**2 - o + 3. Determine s(3).
9
Let v(a) = -a**3 - 6*a**2 + 15*a + 7. Calculate v(-7).
-49
Let u(m) = -m**3 + 6*m**2 + 3*m - 8. Give u(6).
10
Let n(z) = -4*z - 55. Determine n(-18).
17
Let c(o) = o**3 + 8*o**2 + 4*o + 33. Determine c(-8).
1
Let a(x) = x**3 + 16*x**2 + 16*x + 2. Determine a(-15).
-13
Let b(f) = 24*f - 643. Give b(27).
5
Let t(m) = -4*m**3 - 2*m**2 + 2*m - 2. Determine t(2).
-38
Let a(u) = -u**2 - 7*u + 10. What is a(-8)?
2
Let u(f) = -2*f - 12. Give u(-6).
0
Let n(r) = 9*r**2 + 6*r - 4. Determine n(1).
11
Let h(t) = 5*t - 79. Calculate h(13).
-14
Let w(z) = z**3 - 6*z**2 + 3*z. Give w(5).
-10
Let a(w) = -w**2 - w + 6. Calculate a(3).
-6
Let f(v) = -8*v - 2. What is f(3)?
-26
Let v(p) = p**3 - 11*p**2 + 11*p + 67. Give v(9).
4
Let f(m) = -6*m**3 + 4*m + 3. Calculate f(-2).
43
Let c(p) = -p**3 - 3*p**2 + 5*p + 1. Calculate c(-5).
26
Let z(f) = -f + 13. Calculate z(7).
6
Let i(p) = -2*p**2 - 4*p - 10. What is i(-6)?
-58
Let f(x) = -3*x - 32. Calculate f(-6).
-14
Let i(p) = p**3 - 10*p**2 - 11*p + 4. Determine i(11).
4
Let q(v) = -5*v**3 - 12*v**2 - 8*v + 2. Calculate q(-4).
162
Let r(f) = f**3 + 8*f**2 - f + 5. Calculate r(-8).
13
Let o(s) = s**2 + 4*s. What is o(-6)?
12
Let w(a) = 4*a + 54. Determine w(-14).
-2
Let r(d) = -d**2 + 18*d + 46. What is r(20)?
6
Let l(v) = 2*v**2 - 53*v + 139. Calculate l(3).
-2
Let b(r) = 10*r**2 + 42*r + 3. What is b(-4)?
-5
Let l(s) = -s**3 + 12*s**2 - 11*s + 15. What is l(11)?
15
Let f(a) = -a**2 - 6*a - 3. What is f(-5)?
2
Let j(a) = 53*a + 61. Determine j(-1).
8
Let i(o) = 7*o + 115. Give i(-15).
10
Let v(d) = -6*d + 2. What is v(4)?
-22
Let w(g) = 6*g + 3. Calculate w(-10).
-57
Let j(p) = -3*p**3 + 3*p**2 - 2. Calculate j(-1).
4
Let w(b) = -5*b + 105. Determine w(20).
5
Let v(r) = -r**3 + 15*r**2 + 7*r - 4. Calculate v(15).
101
Let o(w) = w**3 + 27*w**2 + 93*w + 27. Determine o(-23).
4
Let m(r) = -15*r - 5. What is m(0)?
-5
Let x(j) = j**3 - 5*j**2 - 3*j + 4. Calculate x(5).
-11
Let k(h) = -h**3 - 3*h + 9. Determine k(0).
9
Let u(m) = -m**2 - 13*m - 26. Give u(-5).
14
Let o(n) = 242*n - 1446. Determine o(6).
6
Let r(t) = 226*t + 457. Give r(-2).
5
Let i(b) = -b**3 + b**2 + 3*b + 4. What is i(3)?
-5
Let d(y) = -29*y + 200. Determine d(6).
26
Let o(j) = -j**3 - 6*j**2 + 5*j - 17. Calculate o(-7).
-3
Let z(t) = 8*t + 10. Calculate z(0).
10
Let o(p) = -2*p + 23. Calculate o(12).
-1
Let u(p) = -2*p**2 - 19*p + 14. Determine u(-10).
4
Let c(j) = j**3 + 8*j**2 - 2. Give c(-8).
-2
Let q(h) = -h + 2. What is q(-8)?
10
Let y(g) = 17*g - 175. Give y(9).
-22
Let j(p) = p - 6. What is j(9)?
3
Let y(k) = 8*k - 21. What is y(6)?
27
Let v(x) = x**2 - 17*x + 7. Calculate v(5).
-53
Let y(k) = k**2 - 2*k - 7. Give y(6).
17
Let d(s) = -8*s + 11. Determine d(2).
-5
Let r(d) = -d**3 + 24*d**2 - 28*d + 118. Calculate r(23).
3
Let t(b) = b**2 - 7*b + 7. Calculate t(7).
7
Let g(m) = -6*m + 28. Give g(4).
4
Let i(a) = 3*a + 9. Give i(4).
21
Let o(g) = 12*g + 1. Calculate o(3).
37
Let t(j) = 4*j + 45. Give t(-7).
17
Let l(c) = c**3 - 17*c**2 + c - 11. Calculate l(17).
6
Let v(x) = -16*x**2 - 1. Calculate v(-1).
-17
Let i(g) = g + 8. Calculate i(0).
8
Let w(i) = -i**3 + i**2 + i + 27. Calculate w(0).
27
Let h(a) = a**3 - 25*a**2 + 20*a + 100. Calculate h(24).
4
Let q(m) = 7*m**2 + m + 1. Give q(-1).
7
Let x(d) = -d**3 + 5*d**2 + 17*d - 89. What is x(5)?
-4
Let d(f) = f**3 + 3*f**2 - 21*f - 9. Give d(-6).
9
Let g(m) = -m**2 - 8*m + 2. Determine g(-5).
17
Let n(b) = -b**3 - 9*b**2 + 3*b - 1. Give n(-9).
-28
Let u(g) = -g**2 + 3*g + 97. Calculate u(11).
9
Let u(n) = -2*n**2 - 20*n - 2. What is u(-8)?
30
Let i(o) = -o**3 + 7*o**2 + 2*o - 2. Give i(6).
46
Let j(y) = y**2 + 12*y - 16. Calculate j(-13).
-3
Let w(n) = -2*n - 43. Give w(-24).
5
Let q(l) = 5*l - 38. Calculate q(9).
7
Let q(n) = n**2 + 6*n - 1. Give q(-8).
15
Let g(w) = w - 2. Calculate g(-5).
-7
Let y(w) = 3*w**2 - 265*w + 82. What is y(88)?
-6
Let k(o) = o - 15. What is k(5)?
-10
Let k(n) = n**3 - 25*n**2 - 53*n - 29. What is k(27)?
-2
Let s(p) = 2*p**3 - 2*p**2 - p - 3. Calculate s(3).
30
Let v(j) = j**3 + 4*j**2 + 3. Determine v(-4).
3
Let o(v) = 5*v - 5. What is o(4)?
15
Let r(m) = m + 9. What is r(-5)?
4
Let b(a) = -3*a + 55. Give b(15).
10
Let p(u) = -6*u - 3. What is p(3)?
-21
Let b(t) = t - 4. What is b(0)?
-4
Let c(s) = -3*s - 62. Determine c(-15).
-17
Let z(m) = m**2 - 10*m + 13. Determine z(9).
4
Let i(h) = -h**2 + 8*h + 1. Calculate i(8).
1
Let k(o) = -3*o**2 - 4. Determine k(-2).
-16
Let f(x) = 13*x - 14. Calculate f(6).
64
Let b(l) = 4*l + 46. Give b(-12).
-2
Let v(l) = -4*l**2 - l - 1. Give v(5).
-106
Let o(l) = l**2 - 11*l - 49. Determine o(15).
11
Let s(z) = 11*z + 72. Calculate s(-9).
-27
Let i(q) = -q + 2. What is i(5)?
-3
Let a(y) = y + 14. Determine a(-4).
10
Let l(a) = -20*a + 808. What is l(40)?
8
Let j(t) = -4*t - 1. What is j(1)?
-5
Let s(b) = -3*b - 11. What is s(-8)?
13
Let l(n) = -n**3 - 3*n**2 - n - 2. Give l(-5).
53
Let w(n) = 11*n + 88. Give w(-8).
0
Let y(o) = -o**3 + 6*o**2 + 4*o - 14. What is y(6)?
10
Let y(m) = 103*m + 27. Calculate y(-2).
-179
Let c(x) = -x**3 - 6*x**2 + 21*x + 11. Determine c(-9).
65
Let y(d) = -22*d**2 + 68*d - 7. Give y(3).
-1
Let v(h) = -h**2 + 6*h + 21. What is v(9)?
-6
Let l(p) = 3*p - 7. Give l(3).
2
Let q(z) = -5*z - 9. Calculate q(8).
-49
Let s(q) = -2*q. What is s(5)?
-10
Let c(y) = -y**3 + 15*y**2 - 3*y + 28. What is c(15)?
-17
Let k(p) = 17*p + 76. Give k(-4).
8
Let q(v) = -2*v**3 + 30*v**2 - 21*v - 102. Determine q(14).
-4
Let s(r) = -r - 4. Give s(10).
-14
Let c(j) = j**3 + 17*j**2 - j + 3. Calculate c(-17).
20
Let y(w) = -43*w + 181. What is y(4)?
9
Let z(y) = -10*y + 10. Give z(5).
-40
Let i(g) = -6*g - 1. Calculate i(1).
-7
Let z(d) = d**3 - 7*d**2 - 2*d + 5. Calculate z(7).
-9
Let x(k) = k**3 - 10*k**2 - 54*k + 4. Give x(-4).
-4
Let a(q) = q**2 + 14*q - 14. Calculate a(-15).
1
Let v(l) = -l**3 + 6*l**2 + 3*l - 9. What is v(7)?
-37
Let u(x) = x**3 - 11*x**2 - 17*x + 8. Calculate u(12).
-52
Let x(r) = -3*r + 9. Give x(-5).
24
Let x(i) = i**2 + 2*i - 1. Give x(-2).
-1
Let z(x) = -3*x**2 + 3*x + 2. Determine z(4).
-34
Let r(j) = j**3 - 3*j**2 - 2*j - 12. Give r(4).
-4
Let a(y) = 10*y + 4. Determine a(5).
54
Let t(r) = r**3 - 31*r**2 + 57*r + 22. Give t(29).
-7
Let q(n) = -12*n + 246. Give q(20).
6
Let d(u) = 13*u - 3. Calculate d(1).
10
Let r(o) = 8*o - 10. Determine r(3).
14
Let m(d) = -5*d**2 - 3*d + 8. What is m(-2)?
-6
Let z(k) = k**2 + 3*k - 11. Calculate z(-6).
7
Let g(m) = -m - 5. What is g(-1)?
-4
Let v(t) = 2*t - 3. What is v(27)?
51
Let a(g) = -11*g**2 + 3*g. Determine a(2).
-38
Let d(n) = -2*n**2 - 21*n - 8. Give d(-10).
2
Let a(c) = -20*c**3 + 3*c**2 + 3*c - 6. Determine a(2).
-148
Let x(u) = -u**3 + 20*u**2 - 38*u + 28. Give x(18).
-8
Let h(c) = -4*c**2 + 2*c - 2. Give h(3).
-32
Let k(n) = -206*n - 202. What is k(-1)?
4
Let i(c) = -2*c**3 - 12*c**2 + c - 11. What is i(-6)?
-17
Let v(a) = 8*a - 3. Give v(-3).
-27
Let p(n) = -n**3 - 5*n**2 + 3*n - 7. Give p(-5).
-22
Let o(l) = l**2 + 10*l + 15. Calculate o(-10).
15
Let z(l) = -14*l + 2. Calculate z(-1).
16
Let u(o) = 190*o - 1528. Give u(8).
-8
Let b(i) = -i**2 + 47*i - 355. Determine b(37).
15
Let q(v) = 34*v + 1. Give q(1).
35
Let l(a) = -a**3 - 3*a**2 + 3. Calculate l(-3).
3
Let b(m) = -m**3 - 8*m**2 + 3*m + 15. What is b(-5)?
-75
Let s(h) = -h**3 + 5*h**2 - 2*h - 1. Determine s(3).
11
Let m(a) = -a**3 - 5*a**2 + a. What is m(-6)?
30
Let s(i) = 47*i + 142. Give s(-3).
1
Let r(j) = -3*j + 45. Calculate r(18).
-9
Let v(j) = j**2 + 3*j - 11. Give v(-5).
-1
Let w(d) = -d - 20. What is w(-9)?
-1